{"id":9,"date":"2022-05-17T17:33:01","date_gmt":"2022-05-17T15:33:01","guid":{"rendered":"http:\/\/rodbartoszewo.pl\/?page_id=9"},"modified":"2026-04-15T12:48:12","modified_gmt":"2026-04-15T10:48:12","slug":"kontakt","status":"publish","type":"page","link":"http:\/\/rodbartoszewo.pl\/?page_id=9","title":{"rendered":"Kontakt"},"content":{"rendered":"\n<figure class=\"wp-block-image size-large\"><img loading=\"lazy\" decoding=\"async\" width=\"1024\" height=\"7\" src=\"http:\/\/rodbartoszewo.pl\/wp-content\/uploads\/2022\/06\/bia-1024x7.png\" alt=\"\" class=\"wp-image-632\" srcset=\"http:\/\/rodbartoszewo.pl\/wp-content\/uploads\/2022\/06\/bia-1024x7.png 1024w, http:\/\/rodbartoszewo.pl\/wp-content\/uploads\/2022\/06\/bia-300x2.png 300w, http:\/\/rodbartoszewo.pl\/wp-content\/uploads\/2022\/06\/bia-768x5.png 768w, http:\/\/rodbartoszewo.pl\/wp-content\/uploads\/2022\/06\/bia.png 1218w\" sizes=\"auto, (max-width: 1024px) 100vw, 1024px\" \/><\/figure>\n\n\n\n<h2 class=\"wp-block-heading\"><\/h2>\n\n\n\n<pre class=\"wp-block-preformatted\">KASA CZYNNA:<br>w czwartki w godz. od 16:00 - 19:00<br><br><br>Kasa udziela informacji na temat wysoko\u015bci zobowi\u0105zania.<br>Wp\u0142at\u0119 za energi\u0119 elektryczn\u0105 nale\u017cy regulowa\u0107 do 10 dnia miesi\u0105ca w formie przelewu na konto.<br><em>58 2030 0045 1110 0000 0227 6330<\/em><br><br>BIURO ZARZ\u0104DU CZYNNE:<br>  w czwartki w godz. od 16:00 \u2013 19:00<br><br>Przepisywanie dzia\u0142ek<br>po uprzednim um\u00f3wieniu drog\u0105 e-mailow\u0105<br>rodbartoszewo@gmail.com<\/pre>\n\n\n\n<p><\/p>\n\n\n\n<h2 class=\"wp-block-heading\">Telefony kontaktowe<\/h2>\n\n\n\n<p><strong><em>Kasa<\/em>&nbsp;<\/strong> <mark style=\"background-color:rgba(0, 0, 0, 0)\" class=\"has-inline-color has-black-color\">&#8211; <\/mark><mark style=\"background-color:rgba(0, 0, 0, 0)\" class=\"has-inline-color has-white-color\">91 303 33 88<\/mark><\/p>\n\n\n\n<p class=\"has-text-align-left\"><\/p>\n\n\n\n<p><strong><em>Bie\u017c\u0105ce sprawy ogrodowe<\/em><\/strong>&nbsp; &#8211; 660 939 135 dni powszednie godz. 10-18<\/p>\n\n\n\n<div class=\"wp-block-columns is-layout-flex wp-container-core-columns-is-layout-9d6595d7 wp-block-columns-is-layout-flex\">\n<div class=\"wp-block-column is-layout-flow wp-block-column-is-layout-flow\" style=\"flex-basis:100%\">\n<div class=\"wp-block-columns is-layout-flex wp-container-core-columns-is-layout-9d6595d7 wp-block-columns-is-layout-flex\">\n<div class=\"wp-block-column is-layout-flow wp-block-column-is-layout-flow\">\n<figure class=\"wp-block-image size-large\"><img loading=\"lazy\" decoding=\"async\" width=\"1024\" height=\"7\" src=\"http:\/\/rodbartoszewo.pl\/wp-content\/uploads\/2022\/06\/bia-1024x7.png\" alt=\"\" class=\"wp-image-632\" srcset=\"http:\/\/rodbartoszewo.pl\/wp-content\/uploads\/2022\/06\/bia-1024x7.png 1024w, http:\/\/rodbartoszewo.pl\/wp-content\/uploads\/2022\/06\/bia-300x2.png 300w, http:\/\/rodbartoszewo.pl\/wp-content\/uploads\/2022\/06\/bia-768x5.png 768w, http:\/\/rodbartoszewo.pl\/wp-content\/uploads\/2022\/06\/bia.png 1218w\" sizes=\"auto, (max-width: 1024px) 100vw, 1024px\" \/><\/figure>\n<\/div>\n<\/div>\n<\/div>\n<\/div>\n\n\n\n<figure class=\"wp-block-image size-full is-resized\"><img loading=\"lazy\" decoding=\"async\" width=\"1011\" height=\"25\" src=\"http:\/\/rodbartoszewo.pl\/wp-content\/uploads\/2022\/06\/sdw.png\" alt=\"\" class=\"wp-image-629\" style=\"width:809px;height:auto\" srcset=\"http:\/\/rodbartoszewo.pl\/wp-content\/uploads\/2022\/06\/sdw.png 1011w, http:\/\/rodbartoszewo.pl\/wp-content\/uploads\/2022\/06\/sdw-300x7.png 300w, http:\/\/rodbartoszewo.pl\/wp-content\/uploads\/2022\/06\/sdw-768x19.png 768w\" sizes=\"auto, (max-width: 1011px) 100vw, 1011px\" \/><\/figure>\n\n\n\n<h2 class=\"wp-block-heading\">Rachunek bankowy<\/h2>\n\n\n\n<h2 class=\"wp-block-heading\"><em>58 2030 0045 1110 0000 0227 6330<\/em><\/h2>\n\n\n\n<p>w pozycji ( tytu\u0142em ) koniecznie podaj nr dzia\u0142ki kt\u00f3rej dotyczy wp\u0142ata.<\/p>\n\n\n\n<figure class=\"wp-block-image size-full\"><img loading=\"lazy\" decoding=\"async\" width=\"1011\" height=\"25\" src=\"http:\/\/rodbartoszewo.pl\/wp-content\/uploads\/2022\/06\/sdw.png\" alt=\"\" class=\"wp-image-629\" srcset=\"http:\/\/rodbartoszewo.pl\/wp-content\/uploads\/2022\/06\/sdw.png 1011w, http:\/\/rodbartoszewo.pl\/wp-content\/uploads\/2022\/06\/sdw-300x7.png 300w, http:\/\/rodbartoszewo.pl\/wp-content\/uploads\/2022\/06\/sdw-768x19.png 768w\" sizes=\"auto, (max-width: 1011px) 100vw, 1011px\" \/><\/figure>\n\n\n\n<div class=\"wp-block-columns is-layout-flex wp-container-core-columns-is-layout-9d6595d7 wp-block-columns-is-layout-flex\">\n<div class=\"wp-block-column is-layout-flow wp-block-column-is-layout-flow\"><\/div>\n\n\n\n<div class=\"wp-block-column is-layout-flow wp-block-column-is-layout-flow\"><\/div>\n<\/div>\n","protected":false},"excerpt":{"rendered":"<p>KASA CZYNNA:w czwartki w godz. od 16:00 &#8211; 19:00Kasa udziela informacji na temat wysoko\u015bci zobowi\u0105zania.Wp\u0142at\u0119 za energi\u0119 elektryczn\u0105 nale\u017cy regulowa\u0107&hellip;<\/p>\n","protected":false},"author":1,"featured_media":902,"parent":0,"menu_order":0,"comment_status":"closed","ping_status":"closed","template":"","meta":{"footnotes":""},"class_list":["post-9","page","type-page","status-publish","has-post-thumbnail","hentry"],"_links":{"self":[{"href":"http:\/\/rodbartoszewo.pl\/index.php?rest_route=\/wp\/v2\/pages\/9","targetHints":{"allow":["GET"]}}],"collection":[{"href":"http:\/\/rodbartoszewo.pl\/index.php?rest_route=\/wp\/v2\/pages"}],"about":[{"href":"http:\/\/rodbartoszewo.pl\/index.php?rest_route=\/wp\/v2\/types\/page"}],"author":[{"embeddable":true,"href":"http:\/\/rodbartoszewo.pl\/index.php?rest_route=\/wp\/v2\/users\/1"}],"replies":[{"embeddable":true,"href":"http:\/\/rodbartoszewo.pl\/index.php?rest_route=%2Fwp%2Fv2%2Fcomments&post=9"}],"version-history":[{"count":42,"href":"http:\/\/rodbartoszewo.pl\/index.php?rest_route=\/wp\/v2\/pages\/9\/revisions"}],"predecessor-version":[{"id":2896,"href":"http:\/\/rodbartoszewo.pl\/index.php?rest_route=\/wp\/v2\/pages\/9\/revisions\/2896"}],"wp:featuredmedia":[{"embeddable":true,"href":"http:\/\/rodbartoszewo.pl\/index.php?rest_route=\/wp\/v2\/media\/902"}],"wp:attachment":[{"href":"http:\/\/rodbartoszewo.pl\/index.php?rest_route=%2Fwp%2Fv2%2Fmedia&parent=9"}],"curies":[{"name":"wp","href":"https:\/\/api.w.org\/{rel}","templated":true}]}}